0 - -2 - (-813 - -825)?
-26
Evaluate -9 + (-8 - -11) - (-13 - 0).
7
What is 0 - 1 - 6 - (768 - 777)?
2
What is the value of 13 + -3 + (-6 + 25 - 14)?
15
Evaluate 49 + -79 - -40 - (0 + -11).
21
Calculate -1 + (-142 - -131 - (0 - -3)).
-15
Calculate 0 + -5 + 5 - (-11 + 8 - -11).
-8
-29 + 27 + -7 + 25
16
What is 4 + (-9 + 8 + -2 - 13 - -1)?
-11
-110 + 135 + -23 - (-18 + -1)
21
Evaluate (-17 + 9 - -30) + (-9 - 1).
12
2 + -19 - (118 - 128)
-7
What is the value of 0 + -18 + 2 + -6?
-22
Calculate 48 + (-7 - 17) - 24.
0
(-7 - (3 - 2 - 2)) + (-264 - -273)
3
What is (-2 - (-21 - -15)) + (1 - 19) + -4?
-18
Calculate -5 + 9 - (-87 - -67).
24
What is -7 - (-10 - (-12 - -9 - 1))?
-1
What is the value of (-15 - -10) + (21 - 17) + 33?
32
Evaluate 11 - ((-3 - -7) + (6 - 9)).
10
What is (35 - 45) + (-8 - 3)?
-21
What is the value of 8 - (-3 - -17 - 23)?
17
Calculate 7 + (11 + -6 - 17) + 18 + 0.
13
What is 2 + -3 + 6 - (3 - 11)?
13
9 + (-9 - -5) + 10
15
18 + -11 + -7 + -4
-4
What is 1 + 3 - (162 - 175)?
17
-14 - (5 - (45 - 11))
15
What is the value of 1 + 2 + (-6 - 2)?
-5
Evaluate 4 + -8 + (-19 - 2) + 9.
-16
Calculate -1 - (0 + (-3 - 13) + -5 + 10).
10
What is 5 - (15 - (13 - 15))?
-12
Evaluate (11 - 0) + (21 - (8 + 21)).
3
Evaluate 10 + -1 + -23 - -18.
4
What is -3 + (1 + 0 - 6) + -82 + 98?
8
What is 1 + 0 + 7 + (27 - 24) + -6?
5
What is -62 + (61 - (-20 + 47))?
-28
26 + -19 + (-40 - -11)
-22
What is 12 - (21 - -6 - 8) - 2?
-9
Evaluate -8 - (4 + (2 - -3) - 9).
-8
What is the value of -14 - ((-20 - 12) + 14)?
4
What is the value of -17 + -6 + (5 - 0) + -10 + 5?
-23
What is the value of (14 - (5 - -3)) + (14 + -7 - -2)?
15
4 - (12 + 0 - (24 + 0 + -15))
1
What is (17 - 53) + 26 - -34?
24
What is (-1 - 5) + -5 + (-22 - -10)?
-23
Calculate 0 + 11 - (729 + -736).
18
Calculate (11 - 2) + (5 - 13) + 1.
2
What is the value of -1 - 6 - ((-43 - -39) + -23)?
20
Evaluate 13 + -13 - (-12 - 6).
18
Calculate -18 + -11 + -3 + 32.
0
Calculate 12 + -4 + -8 + 5 + -21.
-16
Evaluate -9 + (-1 + 10 - 18).
-18
(-1 - -2) + -19 - (-18 + -12 + 25)
-13
What is 5 + (20 - (1 + (-1 - -10)))?
15
-14 - (-3 - -18) - -23
-6
What is (-13 - -8) + 11 + (-28 - (11 - 4))?
-29
Calculate (7 - -27 - 55) + 3.
-18
Calculate (42 - 7) + 7 - 31.
11
Evaluate 0 + 1 + -6 + (-16 - -103 - 80).
2
What is 1 - -13 - (86 - 83)?
11
Calculate -14 + (17 - (5 + -2)).
0
Calculate (-21 - (-7 - 3) - -6) + (1 - 0).
-4
Calculate (-10 + 15 - 1) + -9.
-5
What is the value of -7 + 9 - (-43 + 27)?
18
What is the value of 2 + -1 - -18 - (-268 - -276)?
11
What is the value of -3 - (-10 + 14 + -10 + -3)?
6
What is the value of 57 + -41 + -1 + 0?
15
Evaluate -7 - (-3 + -5 + 6 - 1).
-4
Calculate -22 - 0 - (-19 - 28 - -41).
-16
Evaluate 10 - ((4 - -14) + -18).
10
Evaluate 25 + -7 + 2 + (-10 - (-8 - 1)).
19
1 + 7 - (-14 - (-21 - (-9 - 0)))
10
Evaluate -1531 + 1523 - (6 + (2 - 4 - -1)).
-13
Calculate -14 + (-24 - -20) + 0.
-18
Calculate 2 - (-12 - (-3 + 13 + -9)).
15
Evaluate (-2 - 5) + 13 + 2 + -8 - -7.
7
Evaluate 2 + -3 + (2 - -2) - (16 + -5).
-8
-17 - ((-4 + 5 - 0) + -10)
-8
Calculate (66 - (1 + 28)) + -3.
34
16 + -19 - (-6 + -1) - (-10 + -4)
18
Evaluate 3 + -8 + 3 - (-9 - (-23 + 4)).
-12
What is 13 + -35 + 13 + (-1 - -16)?
6
Evaluate (-19 + 54 - 32) + 18.
21
(9 + -17 - 2) + 0 + 11
1
Calculate 1 - -7 - (-19 - (7 + -27)).
7
Calculate 1 + 6 + (-1 - (0 - -10)) + -6.
-10
What is the value of -7 - (-16 - 0 - (12 + 15 + -22))?
14
(27 - (24 + -21)) + -23
1
What is (-6 - -11) + 8 + -4 + 8?
17
Calculate (-3 - -2) + -6 + (1 + 1 - 3).
-8
12 - (1 - (-41 + 20))
-10
What is 21 + (-8 + -1 - 8)?
4
9 + (6 - 7 - 1) + -6
1
Calculate -2 - (7 + -22 + 3 + 4) - -13.
19
What is the value of -20 + (3 + -2 - -11)?
-8
Calculate -7 + 3 + -6 + 0 + 9 + -7.
-8
-14 + 21 + (0 - (-2 + 4)) + 0
5
Evaluate 2 + -14 + -4 + (5 - 9) + 1.
-19
-14 + -14 + 25 + -9
-12
-38 + 22 + -8 - -12
-12
What is the value of -4 + (0 - (-9 + 12))?
-7
Evaluate (-5 - -2) + (-4 - -1 - (28 - 28)).
-6
What is the value of 29 - (27 - (-24 + 34))?
12
What is the value of -17 - (9 + -20) - 9 - (-7 - 0)?
-8
What is the value of 6 - -1 - -1 - (-145 - -142)?
11
-38 - (59 + -32 + -94)
29
What is 2 + -9 - (-12 + (1 - (7 - 4)))?
7
What is the value of 2 + (56 + -56 - (-1 + -9))?
12
What is the value of 3 + 1 - (-8 + 15 + 10 + -32)?
19
What is the value of (-12 + 19 - (1 - -9)) + 11?
8
What is -5 + 11 - (7 - ((-11 - 7) + 1))?
-18
What is -7 - (2 + -7) - -4?
2
Evaluate 1 + 0 - (6 + (-5 - 8)).
8
8 - -1 - (0 + 35 + -43)
17
Calculate 2 + 0 + (16 + -28 - -6).
-4
What is (-7 + 5 - 5) + 24 + -11?
6
What is the value of -76 + 40 - (-5 + -10) - 7?
-28
What is 10 + (-3 - 4) - 2 - (0 - -6)?
-5
(-11 - 1) + 4 + -1 + 5 + -1
-5
(22 - 31) + 10 - -13
14
-3 - (2 - (-14 + 13)) - -6
0
Evaluate 32 - (-7 - (24 - 44)).
19
Evaluate -19 + 26 - (0 + -1 - -21).
-13
Evaluate -20 + 31 + -14 + (-3 - (4 - 4)).
-6
Calculate 31 + -24 + (11 + (-3 - 3) - 12).
0
What is -2 + (1 - (-17 - -6)) + -6?
4
Calculate (23 - (32 - 7)) + 3 + 3.
4
0 + -8 - (23 - (10 + 5 + -13))
-29
What is -2 + (-1 - -16) - (6 + (-7 - -7))?
7
Calculate -20 + 62 + -15 + -23.
4
Calculate -4 + 0 - 9 - (-5 - -9 - 7).
-10
20 - ((27 - 23 - (0 + 12)) + 12)
16
Evaluate -2 + ((-3 - -6) + -5 - -6) + -18.
-16
What is 2 + 12 + (-6 - (-3 + -3 + 6))?
8
What is (17 + 10 + 13 - (-3 + 12)) + -1?
30
What is the value of (-1 - 5) + (20 - (10 + 14))?
-10
-37 + 1 + (272 - 252)
-16
-1 + 11 - 1 - 20
-11
(-14 - -15 - 7) + 13
7
Evaluate -36 + -1 + 58 + -25.
-4
Calculate (-3 - 2 - 16) + -1 - (109 - 110).
-21
Evaluate 18 + 5 - (8 - (2 - 0)).
17
What is 1 + 10 + -6 + (0 - -25 - -2)?
32
What is 5 - 1 - (1 - ((-19 - -16) + 0))?
0
What is the value of 21 - (53 + -51 + 2 + -16)?
33
What is -20 - (-2 - (-7 + 14)) - -12?
1
Evaluate (-14 - -3) + 2 + -8 - 3.
-20
Evaluate 956 + -960 + (24 - -1).
21
-31 + 0 - (-454 - -407)
16
What is the value of (14 - (-14 + 21)) + 0 + 11?
18
Calculate 18 - (-4 - 7 - -30).
-1
Evaluate -6 + (6 - 20) + 17.
-3
Calculate -18 + 32 - 7 - 11.
-4
2 - (22 + -3) - (-10 + -17 + 19)
-9
Evaluate -1 - (-77 - -63 - (-28 - 2)).
-17
Evaluate -23 + -21 + 24 + -14 - -16.
-18
What is 14 - (-7 + 0 - (9 - -20 - 43))?
7
Calculate (-8 - (-20 + -2)) + -8 + 4.
10
Evaluate 20 + -20 - 16 - -13.
-3
What is the value of 64 + -79 + 12 + -2?
-5
-17 + (-16 + 9 - -1)
-23
What is the value of (0 - -24) + (875 - 884)?
15
What is 0 - (2 - ((2 - (7 - 6)) + -5))?
-6
Calculate 2 - (0 + 3) - (9 + -15) - 6.
-1
Evaluate -23 + (-4 - -16) - (6 - 3).
-14
Calculate -12 + 1 + 23 + -56 + 18.
-26
Calculate -20 + -7 + -10 + 21.
-16
What is -62 - -98 - (12 - -11)?
13
Calculate 14 - (7 + 23 + -12).
-4
Calculate -1 - (1 - -6 - 3) - (5 - 0).
-10
Calculate 75 - 68 - (0 - (-12 - -3) - 1).
-1
What is (1 - (-2 - 1)) + (-20 - -8 - -17)?
9
Calculate (-2 - 29) + -9 + 26.
-14
What is 9 + -94 + 105 + 1 + 2?
23
What is the value of 1 - ((-93 - -100) + (-4 - 1))?
-1
What is the value of (-168 - -165) + (13 - 3)?
7
What is 0 + (19 - ((10 - (-10 - -34)) + 10))?
23
Evaluate 19 + -2 - -10 - 21.
6
What is the value of -2 - 28 - (464 - 485)?
-9
What is -22 + (14 - (-2 + 10 + -9))?
-7
Calculate -1 - 14 - (2 + -34 + 8).
9
What is the value of -1 - 10 - (112 - 83 - 4)?
-36
Calculate -1 + 2 - (-116 + 123).
-6
Calculate -29 - (-42 - (36 + -43)).
6
What is (16 - 20) + 3 + (3 - 7) + 13?
8
Evaluate 16 + -27 - (3 + -1).
-13
What is the value of 3 + 2 - 3 - 6 - 8?
-12
Calculate -1 + 1 - (1 + (-9 - 1) + 16).
-7
0 - (-24 + -1 - (-4 - (1 + -3)))
23
What is -23 - (-7 + (-8 - -26) + -12)?
-22
1 + -3 - 1 - (-18 - (19 - 35))
-1
0 - (7 - (-10 - (2 + -28)))
9
Calculate 24 - (19 + (23 - 35)).
17
Calculate 24 + -5 + 0 + -46 + 44 + 8.
25
8 + (-8 + 7 - (1 + 10))
-4
2 + (5 + -2 - 7) - (-42 + 27)
13
What is the value of -11 - (1 + -24 + (38 - 25))?
-1
What is -19 + -1 - ((-28 - 7) + 53)?
-38
Evaluate 9 - (-5 + 1) - -4 - (49 + -41).
9
What is the value of (-10 - -12) + -11 + -6 + 0 + 6?
-9
6 + 5 + (-6 - 2) - -8
11
Evaluate -10 + 1 + (-68 - -172 - 68).
27
Calculate 46 - 43 - (-9 + -1).
13
Evaluate -13 + 20 - 3 - 9.
-5
What is -8 + (-4 - 3) + (37 - 3)?
19
What is -4 + (-4 - 1 - -4) - -1?
-4
Evaluate 1 + 5 + (-18 - -20 - 23).
-15
Calculate 2 + (6 - 8) + -15 + 0.
-15
What is the value of -5 + (7 - 0) + (89 - 90)?
1
6 + 5 + 17 + -11 + -14 - -10
13
-6 - (-1 - 2 - (8 - 5)